ate the remainder when 31599 is divided by 7784.
463
What is the remainder when 35348 is divided by 34547?
801
Calculate the remainder when 191930 is divided by 31595.
2360
Calculate the remainder when 4884873 is divided by 506.
455
Calculate the remainder when 1042801 is divided by 1101.
154
What is the remainder when 203847 is divided by 67053?
2688
What is the remainder when 37323 is divided by 6218?
15
What is the remainder when 5145454 is divided by 343030?
4
What is the remainder when 1958168061 is divided by 10016?
10013
Calculate the remainder when 37721621 is divided by 289.
185
Calculate the remainder when 146039 is divided by 3677.
2636
Calculate the remainder when 64333 is divided by 4020.
13
What is the remainder when 131792197 is divided by 25?
22
Calculate the remainder when 1698610 is divided by 19.
10
Calculate the remainder when 35551069 is divided by 3908.
3901
What is the remainder when 6573234 is divided by 561?
558
What is the remainder when 1091350 is divided by 760?
750
What is the remainder when 205876 is divided by 25642?
740
Calculate the remainder when 9906349 is divided by 215.
9
Calculate the remainder when 2401352 is divided by 55.
52
Calculate the remainder when 29015 is divided by 1200.
215
What is the remainder when 10797 is divided by 413?
59
What is the remainder when 820241 is divided by 1524?
329
Calculate the remainder when 104991 is divided by 268.
203
Calculate the remainder when 2002757 is divided by 1254.
119
Calculate the remainder when 3270608 is divided by 1974.
1664
What is the remainder when 304587 is divided by 1118?
491
What is the remainder when 136074 is divided by 27214?
4
What is the remainder when 882870 is divided by 882827?
43
What is the remainder when 44500 is divided by 11092?
132
What is the remainder when 104496 is divided by 9182?
3494
What is the remainder when 52649993 is divided by 53?
5
Calculate the remainder when 1041012 is divided by 4164.
12
Calculate the remainder when 1517259 is divided by 379303.
47
Calculate the remainder when 1158571 is divided by 1096.
99
Calculate the remainder when 9596 is divided by 1165.
276
What is the remainder when 760782 is divided by 3742?
1156
Calculate the remainder when 1256725 is divided by 3021.
3010
Calculate the remainder when 72431589 is divided by 18107897.
1
Calculate the remainder when 632435 is divided by 751.
93
What is the remainder when 41262 is divided by 41174?
88
What is the remainder when 6792152 is divided by 67249?
3
Calculate the remainder when 882938 is divided by 220530.
818
Calculate the remainder when 40043514 is divided by 2342.
2340
Calculate the remainder when 337941 is divided by 1719.
1017
What is the remainder when 134358 is divided by 312?
198
What is the remainder when 7937624 is divided by 192?
152
What is the remainder when 1402275 is divided by 3347?
3229
What is the remainder when 25089943 is divided by 53?
8
What is the remainder when 42991 is divided by 13713?
1852
Calculate the remainder when 675531 is divided by 337754.
23
Calculate the remainder when 7151016 is divided by 2169.
1992
Calculate the remainder when 490036 is divided by 163325.
61
Calculate the remainder when 221833 is divided by 1748.
1585
What is the remainder when 3427752 is divided by 171386?
32
What is the remainder when 10157483 is divided by 2539367?
15
What is the remainder when 19594400 is divided by 851930?
10
What is the remainder when 9372135 is divided by 275651?
1
Calculate the remainder when 15760519 is divided by 740.
739
Calculate the remainder when 7822266 is divided by 2543.
2541
What is the remainder when 1121968 is divided by 214?
180
What is the remainder when 41284 is divided by 1519?
271
What is the remainder when 157860990 is divided by 89?
88
What is the remainder when 90678 is divided by 1488?
1398
What is the remainder when 766871935 is divided by 64?
63
What is the remainder when 4529803 is divided by 688?
11
What is the remainder when 1420762 is divided by 52603?
481
Calculate the remainder when 39744807 is divided by 3312066.
15
What is the remainder when 800177 is divided by 94?
49
What is the remainder when 82607102 is divided by 945?
872
Calculate the remainder when 108537715 is divided by 30.
25
What is the remainder when 67731964 is divided by 512?
508
Calculate the remainder when 53378558 is divided by 403.
402
Calculate the remainder when 5929930 is divided by 204480.
10
What is the remainder when 893614 is divided by 140?
134
What is the remainder when 837876 is divided by 7002?
4638
Calculate the remainder when 4683937 is divided by 83.
81
What is the remainder when 3345553 is divided by 6691?
53
What is the remainder when 4347239 is divided by 2341?
2
What is the remainder when 46066 is divided by 13523?
5497
What is the remainder when 80769310 is divided by 4896?
4894
Calculate the remainder when 2073986 is divided by 35145.
431
Calculate the remainder when 15663 is divided by 12796.
2867
What is the remainder when 3012801 is divided by 25?
1
What is the remainder when 1659811 is divided by 238?
237
Calculate the remainder when 169058 is divided by 3303.
605
What is the remainder when 1392460 is divided by 696196?
68
Calculate the remainder when 2219792 is divided by 135.
122
What is the remainder when 31852 is divided by 1509?
163
Calculate the remainder when 30339 is divided by 3882.
3165
What is the remainder when 64850 is divided by 1975?
1650
Calculate the remainder when 32787234 is divided by 47.
34
What is the remainder when 3381405 is divided by 32829?
18
What is the remainder when 3467138 is divided by 18248?
18
What is the remainder when 7278694 is divided by 8727?
376
Calculate the remainder when 121389 is divided by 5259.
432
Calculate the remainder when 205177 is divided by 23882.
14121
What is the remainder when 82112 is divided by 1137?
248
What is the remainder when 1063932 is divided by 24180?
12
Calculate the remainder when 50303333 is divided by 193.
6
Calculate the remainder when 21802940 is divided by 283155.
5
What is the remainder when 81589 is divided by 81209?
380
What is the remainder when 737809 is divided by 257?
219
What is the remainder when 1257035 is divided by 343?
283
What is the remainder when 161309 is divided by 1920?
29
Calculate the remainder when 2572341 is divided by 525.
366
Calculate the remainder when 3742496 is divided by 2118.
2108
What is the remainder when 226658 is divided by 25103?
731
Calculate the remainder when 1993023 is divided by 369.
54
Calculate the remainder when 33258 is divided by 256.
234
What is the remainder when 849988 is divided by 212320?
708
Calculate the remainder when 16311060 is divided by 5436926.
282
What is the remainder when 22182114 is divided by 672184?
42
Calculate the remainder when 14315014 is divided by 7157499.
16
Calculate the remainder when 696817 is divided by 116131.
31
What is the remainder when 849426 is divided by 3895?
316
What is the remainder when 29655304 is divided by 72330?
4
Calculate the remainder when 37976 is divided by 9034.
1840
What is the remainder when 71996 is divided by 45?
41
Calculate the remainder when 603851 is divided by 4540.
31
Calculate the remainder when 2049890 is divided by 1024876.
138
Calculate the remainder when 709283 is divided by 183.
158
Calculate the remainder when 5547127 is divided by 1379.
789
Calculate the remainder when 486195 is divided by 40434.
987
Calculate the remainder when 96289 is divided by 1339.
1220
Calculate the remainder when 119645 is divided by 106335.
13310
Calculate the remainder when 22210253 is divided by 93.
86
Calculate the remainder when 10407717 is divided by 804.
741
Calculate the remainder when 4802282 is divided by 1232.
1178
What is the remainder when 1519399 is divided by 4901?
89
What is the remainder when 217840 is divided by 8177?
5238
Calculate the remainder when 175397993 is divided by 6000.
5993
What is the remainder when 59275 is divided by 4556?
47
What is the remainder when 52320523 is divided by 2964?
2959
Calculate the remainder when 1910652 is divided by 456.
12
Calculate the remainder when 3448924 is divided by 17.
15
Calculate the remainder when 12197978 is divided by 59.
23
Calculate the remainder when 610002 is divided by